0636649?
9
What is the ten thousands digit of 182310498?
1
What is the ten millions digit of 6049325831?
4
What is the thousands digit of 761153724?
3
What is the hundred thousands digit of 6859363?
8
What is the ten millions digit of 116881941?
1
What is the ten thousands digit of 259979710?
7
What is the ten millions digit of 42872148?
4
What is the tens digit of 218059006?
0
What is the hundred millions digit of 266259277?
2
What is the tens digit of 1654278201?
0
What is the units digit of 115227347?
7
What is the tens digit of 15529045?
4
What is the ten millions digit of 183477469?
8
What is the ten millions digit of 85539529?
8
What is the ten thousands digit of 2893442?
9
What is the thousands digit of 511138927?
8
What is the ten millions digit of 1377606804?
7
What is the millions digit of 60950448?
0
What is the thousands digit of 1200836880?
6
What is the thousands digit of 49535901?
5
What is the millions digit of 522611757?
2
What is the units digit of 4520376625?
5
What is the ten thousands digit of 40878762?
7
What is the ten millions digit of 1982639627?
8
What is the thousands digit of 53689936?
9
What is the ten millions digit of 3750119409?
5
What is the tens digit of 2782851547?
4
What is the hundred thousands digit of 362867779?
8
What is the thousands digit of 25626216?
6
What is the millions digit of 1118807172?
8
What is the ten millions digit of 774277739?
7
What is the hundreds digit of 2572573734?
7
What is the millions digit of 44884417?
4
What is the hundred thousands digit of 63530537?
5
What is the hundred millions digit of 2495900529?
4
What is the tens digit of 83500084?
8
What is the billions digit of 3038993741?
3
What is the thousands digit of 3960644?
0
What is the hundreds digit of 236111721?
7
What is the hundred millions digit of 6111974141?
1
What is the thousands digit of 823608598?
8
What is the units digit of 568057428?
8
What is the millions digit of 3770837772?
0
What is the units digit of 43011764?
4
What is the units digit of 1622596665?
5
What is the hundreds digit of 12962474?
4
What is the thousands digit of 5713026815?
6
What is the millions digit of 4517919?
4
What is the tens digit of 81619307?
0
What is the hundreds digit of 7636972232?
2
What is the ten millions digit of 47456330?
4
What is the hundred millions digit of 3735136286?
7
What is the millions digit of 329344826?
9
What is the hundreds digit of 10688091?
0
What is the tens digit of 976825046?
4
What is the units digit of 461424082?
2
What is the thousands digit of 26947158?
7
What is the ten millions digit of 137320149?
3
What is the units digit of 172110883?
3
What is the tens digit of 56353704?
0
What is the hundreds digit of 6365992135?
1
What is the ten millions digit of 130127569?
3
What is the hundreds digit of 17639558?
5
What is the hundreds digit of 53664576?
5
What is the ten millions digit of 200528089?
0
What is the ten thousands digit of 436228367?
2
What is the hundred thousands digit of 788850051?
8
What is the billions digit of 1647278824?
1
What is the hundreds digit of 9213129?
1
What is the hundreds digit of 14773860?
8
What is the ten millions digit of 1263802323?
6
What is the millions digit of 22559742?
2
What is the hundred millions digit of 260801886?
2
What is the millions digit of 1817268601?
7
What is the tens digit of 288126871?
7
What is the hundred millions digit of 1655958167?
6
What is the ten millions digit of 2614509821?
1
What is the billions digit of 4192121240?
4
What is the hundreds digit of 87719422?
4
What is the ten millions digit of 2504397681?
0
What is the thousands digit of 5444174?
4
What is the millions digit of 2690090171?
0
What is the hundred thousands digit of 23648834?
6
What is the hundreds digit of 72626385?
3
What is the units digit of 238016954?
4
What is the ten thousands digit of 1588895202?
9
What is the hundreds digit of 116042172?
1
What is the hundred thousands digit of 2827612931?
6
What is the hundred millions digit of 210776260?
2
What is the hundreds digit of 137499170?
1
What is the hundred millions digit of 368152503?
3
What is the hundred thousands digit of 4780100676?
1
What is the ten millions digit of 200945033?
0
What is the hundred thousands digit of 640123933?
1
What is the ten thousands digit of 43045375?
4
What is the ten millions digit of 154423238?
5
What is the hundred thousands digit of 228931767?
9
What is the ten millions digit of 3165187270?
6
What is the tens digit of 7491635051?
5
What is the billions digit of 1738051043?
1
What is the millions digit of 182207715?
2
What is the hundred millions digit of 4064110422?
0
What is the hundreds digit of 961362030?
0
What is the hundreds digit of 354510254?
2
What is the hundred thousands digit of 23654095?
6
What is the tens digit of 6785596?
9
What is the hundred millions digit of 147958745?
1
What is the units digit of 133361453?
3
What is the ten thousands digit of 4445045970?
4
What is the ten thousands digit of 2251407889?
0
What is the millions digit of 285573088?
5
What is the units digit of 429914919?
9
What is the hundred millions digit of 358089622?
3
What is the units digit of 2294908331?
1
What is the thousands digit of 1437018320?
8
What is the hundred thousands digit of 6731015884?
0
What is the tens digit of 109747366?
6
What is the ten millions digit of 123725744?
2
What is the tens digit of 4605850?
5
What is the hundreds digit of 84352565?
5
What is the ten millions digit of 40986074?
4
What is the hundred millions digit of 2863838832?
8
What is the millions digit of 2636293714?
6
What is the billions digit of 1457412118?
1
What is the ten millions digit of 293543613?
9
What is the units digit of 1864067714?
4
What is the hundred thousands digit of 109453039?
4
What is the tens digit of 542849604?
0
What is the units digit of 46705878?
8
What is the millions digit of 173931747?
3
What is the hundreds digit of 2986358295?
2
What is the hundred millions digit of 390812151?
3
What is the hundred thousands digit of 44908073?
9
What is the hundred millions digit of 2471144544?
4
What is the hundred millions digit of 1879102408?
8
What is the ten thousands digit of 138161098?
6
What is the ten thousands digit of 326074298?
7
What is the hundred millions digit of 517010752?
5
What is the millions digit of 59268932?
9
What is the millions digit of 280323354?
0
What is the billions digit of 3480423450?
3
What is the thousands digit of 447756682?
6
What is the millions digit of 167845733?
7
What is the millions digit of 331433409?
1
What is the hundred millions digit of 542966040?
5
What is the hundred thousands digit of 37727152?
7
What is the units digit of 50883979?
9
What is the thousands digit of 37552325?
2
What is the billions digit of 3852044861?
3
What is the hundreds digit of 55009856?
8
What is the hundreds digit of 229884059?
0
What is the thousands digit of 146306417?
6
What is the millions digit of 346273544?
6
What is the thousands digit of 39497509?
7
What is the hundred thousands digit of 30665813?
6
What is the ten thousands digit of 226637212?
3
What is the hundred thousands digit of 275395739?
3
What is the hundred thousands digit of 2303981890?
9
What is the ten thousands digit of 2379536936?
3
What is the hundred millions digit of 932985200?
9
What is the units digit of 6354269?
9
What is the thousands digit of 4667169209?
9
What is the millions digit of 62619232?
2
What is the ten millions digit of 6310205470?
1
What is the ten millions digit of 13194184?
1
What is the hundreds digit of 3208807252?
2
What is the millions digit of 293996745?
3
What is the billions digit of 1000949785?
1
What is the thousands digit of 152774458?
4
What is the thousands digit of 210666393?
6
What is the ten millions digit of 75506953?
7
What is the hundred millions digit of 168801663?
1
What is the hundred millions digit of 5945242579?
9
What is the hundred thousands digit of 62768384?
7
What is the tens digit of 123103619?
1
What is the thousands digit of 14815202?
5
What is the units digit of 687140386?
6
What is the ten thousands digit of 30413790?
1
What is the ten thousands digit of 180764823?
6
What is the thousands digit of 81673474?
3
What is the hundred thousands digit of 18